- 4. Let g be t(-9). Let s = g + 733. What is the tens digit of s?
8
Suppose 4*m - 3*t + 777 - 7005 = 0, 0 = 4*m + 3*t - 6204. What is the tens digit of m?
5
Let y(i) = 4*i**3 + 17*i**2 - 16*i + 1. Let s be y(-5). Let m(o) = 7*o + 0 + 5*o**3 - 4*o**3 - 2*o**2 - 6. What is the hundreds digit of m(s)?
1
Suppose -3*n + 4*b + 1216 = 0, 0*n + 418 = n + 5*b. Let r = 660 - n. What is the hundreds digit of r?
2
Let w = 46093 + -14354. What is the units digit of w?
9
Suppose 13228 = 16*a - 12*a. Let q = a + -2178. What is the hundreds digit of q?
1
Let g(p) = 2425*p**2 - 2340*p**2 + 6*p + 9 + 9. What is the thousands digit of g(-4)?
1
Let x = -46 - -50. Suppose x*z = -z + 10. Suppose z*i - 5 = 1. What is the units digit of i?
3
Let c(z) = -156*z + 2194. What is the tens digit of c(-15)?
3
Suppose t + 1 = -3*f, -4*t + 10*f - 5*f = -13. Suppose -3*u + t*a + 3990 = 0, 3*u - 9*a + 12*a - 3990 = 0. What is the units digit of u?
0
Suppose -21309 = -505*h + 502*h. What is the units digit of h?
3
Suppose -4*b + 106 + 718 = 0. Let f = b + -149. What is the tens digit of f?
5
Suppose 0 = 34*l - 25*l. Suppose 10*x - 9370 - 140 = l. What is the units digit of x?
1
Suppose 3*y = -4*w + 50057, -34*y + 38*y = -w + 12537. What is the tens digit of w?
0
Suppose -25*u + 701774 = -397500 + 164774. What is the tens digit of u?
8
Let z be 3/((-12)/(-32))*223/2. Suppose -3*g + 3*w = 141 + 390, -5*g - z = 2*w. What is the units digit of 2 + 3/(-6)*g?
1
What is the thousands digit of 1*(48916 + -8) - 2?
8
What is the hundreds digit of (-10)/((((-140)/(-123950))/7)/((-2)/10))?
3
Let y be (1/1)/(-6*(-7)/84). Suppose 0 = -b + 5*r + 45 + 103, 4*r + 290 = y*b. Suppose 888 = -140*t + b*t. What is the hundreds digit of t?
2
Let y(x) = 190*x**3 + 6*x**2 + 6*x + 3. Let c be y(-2). Let v = -1038 - c. What is the tens digit of v?
6
Suppose 0 = -106*o + 162*o - 10752. What is the hundreds digit of o?
1
Let m(u) = -u**3 - 4*u**2 + 5*u. Let y be m(-5). Suppose 2*c + 4*w = 0, y*c + 3*c = 2*w + 8. What is the tens digit of 2*(135/2 + c) - -1?
4
Let d(a) = a**3 - 8*a**2 + 2*a - 6. Let v be (-2 - -5) + -1 + 6. Let k be d(v). What is the hundreds digit of (4669/(-105) + (-2)/k)*-3?
1
Let p(c) = -9*c**3 + 17*c**2 - 58*c + 6. What is the units digit of p(-10)?
6
Let a(g) be the second derivative of g**5/20 - 3*g**4/4 - 19*g**3/3 + 3*g**2/2 - 192*g. What is the hundreds digit of a(15)?
7
Suppose 2*v = 61659 - 19773. What is the hundreds digit of v?
9
Suppose 144660 = 44*d - 19198 + 21958. What is the tens digit of d?
2
Let i(u) = 87*u**3. Let l = -75 + 126. Suppose l*p = 55*p - 4. What is the units digit of i(p)?
7
Let w(q) = 38*q**2 - 88*q - 360. What is the tens digit of w(-21)?
4
Let o = 343 - 288. Let v = o + 500. What is the units digit of v?
5
Suppose 0 = -109*r + 6*r + 1144204 + 350120. What is the thousands digit of r?
4
Let m = 4786 + -1423. What is the tens digit of m?
6
Suppose 9854 + 4796 = 5*a. Suppose 2*w + 3*w + 2380 = 4*x, 5*x - a = -5*w. What is the tens digit of x?
9
Let f be -2*1/6*3. Let j be 208/48*(f + 4). Suppose -b + 10 + j = 0. What is the tens digit of b?
2
Let y = 258 + -255. What is the units digit of -2 + y + 3 + (-1000)/(-2)?
4
Let v be ((-6)/(-8))/(35/8 - 4). Suppose 4*n + v*u + u = 173, 3 = -3*u. What is the tens digit of n?
4
Let q(x) = -9*x**3 + 2*x**2 + 6*x + 5. Let l be q(-2). What is the hundreds digit of (-55)/20*-4*l?
8
Let d = 72 + -68. Let f be (-958)/(-4) + (-54)/36 - 1. Suppose o - d = 0, f = r + 2*o - 5*o. What is the hundreds digit of r?
2
Let d(t) be the second derivative of t**4/6 + 19*t**3/6 - 39*t**2/2 + t. Let w(l) = -2*l**2 - 57*l - 146. Let g be w(-26). What is the tens digit of d(g)?
6
Let c(x) be the second derivative of -9*x - 5/12*x**4 + 0 - x**3 - 1/20*x**5 + 7/2*x**2. What is the units digit of c(-6)?
9
Let h(r) = -6*r + 229. Let t = 532 - 527. What is the units digit of h(t)?
9
Let n(h) = -91*h + 4429. What is the tens digit of n(-94)?
8
Let a(f) = 126*f - 20. Let y be a(6). Suppose -y = -4*c + 2*z, -4*c - z + 412 = -330. What is the hundreds digit of c?
1
Suppose 2226 - 8386 = -16*f. What is the tens digit of f?
8
Let m(n) = 16*n**2 + 18*n + 94. Let g = -130 + 124. What is the units digit of m(g)?
2
Let b(v) = -v**2 + 23*v + 4. Let w(z) = -z**2 + 22*z + 4. Let i(h) = 6*b(h) - 7*w(h). What is the units digit of i(22)?
8
Let q = 573 + -565. What is the units digit of (3648/24)/(1/q)?
6
Suppose 230*r = -52582 + 2290252. What is the thousands digit of r?
9
Suppose 4*h = -8, -94*j + 91*j - 3*h = -41736. What is the tens digit of j?
1
Suppose 8 = 5*j - 2. Suppose -3*l - i + 3 = 0, -j*l - 3*i + 1 - 6 = 0. What is the tens digit of (-18)/(((-4)/8 - 3) + l)?
1
Let z = 10241 + -6240. What is the hundreds digit of z?
0
Let m(h) = -6*h - 22. Let g be 1 + 4 - 0/(-2). Suppose -u + 15 = 5*j + 55, 2*u = g*j + 25. What is the units digit of m(j)?
0
Suppose -5*g = 5*n - 6*n + 6, 4*n + 10 = 3*g. What is the hundreds digit of (-3717)/g + (-86)/(-172)?
8
Suppose -2*f = 3*h - 83513, 0*h = -3*h + f + 83510. Suppose 0 = -i + 28*i - h. What is the hundreds digit of i?
0
Let a be (-176)/(-30) + (-14)/(-105). Suppose i - 42 = -a*i. What is the units digit of 5 - (-92 + (i - 3))?
4
Let x = -107 + 454. Suppose 351*s = x*s + 1072. What is the tens digit of s?
6
Suppose 0 = 2*d + 5*m - 12442, -4*m + 6216 = d + m. What is the tens digit of d?
2
What is the tens digit of (-15 - -8) + 35668 + -12?
4
Suppose -128*n + 92*n = -21888. Let i = n + -402. What is the units digit of i?
6
What is the thousands digit of (-4179700)/(-82) - (-74)/1517?
0
Suppose 5*f + 0*f + 5*r = 0, 4*r + 16 = 0. Suppose 2*u - 4 = f. Suppose 0 = -2*s - 5*z + 164, -5*z + 308 = u*s - 0*s. What is the tens digit of s?
7
Let h(v) = 221*v - 220*v + 8*v**2 + 32*v**2 - 11. What is the units digit of h(-4)?
5
Suppose 0*i + 148 = 4*i. Let t = i - 35. Suppose 2*y + 2 = r, 0 = -r - 3*y + t. What is the units digit of r?
2
Let t = 19448 + -11967. What is the hundreds digit of t?
4
Let a be (-30)/6 + (-325)/(-1). What is the units digit of a/15*(0 - -18)?
4
Let a(u) = 77*u**3 + 5*u**2 - 6*u. What is the tens digit of a(4)?
8
Let a = 656 - 435. Let f = 114 + a. What is the tens digit of f?
3
Let a = 2160 + -448. What is the units digit of a?
2
Suppose 3*z = 18*v + 24567, -4*z - 5*v = -34230 + 1590. What is the units digit of z?
5
Let o(p) = -178*p + 1. Let m(t) = -t - 25. Let q be m(-21). What is the hundreds digit of o(q)?
7
Let v be (-2)/(-9) + (-13)/(468/(-64)). Let j(l) = 28*l**3 + 3*l**2 - 5. What is the units digit of j(v)?
1
Let g(k) = -16 + 50 - 12 + 2*k - 18 - 11. Suppose -7*x + 90 = -2*x. What is the tens digit of g(x)?
2
Let y be (-9)/2*(-24)/27 + -34. What is the hundreds digit of (-75)/y*4/(-5)*-458?
9
What is the thousands digit of (2/(2 - 4))/(14/(-43008))?
3
Let u be (1*8)/(-75 - -79). What is the hundreds digit of ((-91)/26)/(u/1432*-2)?
2
Suppose t + 22 = 68. Suppose t*w - 16328 = 20*w. What is the units digit of w?
8
Let m = -40317 + 102977. What is the thousands digit of m?
2
Suppose 264275 = 128*s - 73*s. What is the units digit of s?
5
Suppose 0 = 11*t - 15*t - 64. Let m(v) = -v**2 - 14*v - 43. Let f be m(t). What is the units digit of (150/(-4))/(7 + f/10)?
5
What is the units digit of 15/((-1215)/6) + (-314124)/(-81)?
8
Let a be ((-9)/(-2))/(-9)*2. Let q be (-1670)/(-14) - a*4/(-14). Let d = q - -34. What is the tens digit of d?
5
Let z be 48/6 - (-12)/2. Let b(x) = 7*x**2 - 32*x - 22. What is the tens digit of b(z)?
0
Let r = -4069 + 6617. What is the thousands digit of r?
2
Let m(j) = j**3 - 2*j**2 - 5*j - 2. Let u be m(4). Let y be u*((-28)/10 - 4). Let p = -20 - y. What is the units digit of p?
8
Suppose -3*g + 3*n + 165384 = 0, -2*n - 52 = -56. What is the tens digit of g?
3
What is the thousands digit of (-14)/(-833)*7 - 229188/(-51)?
4
Let g = 10538 + 1431. What is the units digit of g?
9
Let s(l) = 1. Let x(z) = -z**3 - 2*z**2 + 10*z + 2. Let v(q) = -3*s(q) + x(q). What is the tens digit of v(-8)?
0
What is the tens digit of (-154359)/(-9) + 5 + -1 + -5?
5
Suppose 4*w + 10 = -3*h + 275, -w = -h + 100. Suppose -5*p - h = -5*t, -5*t + 3*t + 55 = -3*p. Let b = -10 - p. What is the units digit of b?
7
Suppose 4*q - 174 + 54 = -5*v, -3*v + 74 = 2*q. Suppose v*d - 33*d + 900 = 0. Wha